mber?
True
Let y(v) = -v**2 + 9*v - 8. Let s be y(8). Suppose -3 + s = -c. Suppose 15 = c*j, -6*j + 5*j = 2*o - 49. Is o a prime number?
False
Suppose -c - 25 = 4*c. Let f(l) = -l**2 - 5*l + 5. Let i be f(c). Suppose i*m + 5*d - 185 = 0, m - 78 = -m - 4*d. Is m a composite number?
True
Is (-88958)/(-2) - (-6)/(-9)*-6 composite?
False
Let s(n) = -2*n**3 - 47*n**2 - 41*n - 47. Is s(-27) prime?
True
Let k(s) be the second derivative of 5*s**4/6 + 11*s**3/2 - 31*s**2/2 + 20*s. Is k(18) a prime number?
True
Let a = 4 + -2. Suppose -3*z - 1477 = -4*f, -4*f + 756 = -2*f + a*z. Is f a prime number?
True
Suppose 0 = -32*w + 16878 + 6098. Is w a composite number?
True
Suppose -51 = -3*j - 3*m, -2*m = -3*m + 3. Suppose 0 = -5*u + 3*u + j. Suppose u*d = 8*d - 203. Is d a prime number?
False
Let g be (-5 + (-36)/(-8))/((-1)/8). Suppose 3*k - 370 = -n, 0 = -5*n + g*k - 3*k + 1770. Is n prime?
False
Suppose 0*w + 6*w = 426. Suppose p = 3*b - 110, 2*b - w - 19 = 4*p. Is b a prime number?
False
Suppose i = 23*i - 165418. Is i a composite number?
True
Let o be (-24)/(-21)*(-21)/(-6). Let w be -2 + (9 - (o - 2)). Suppose 6*u = 2*a + 2*u - 114, 0 = -2*a - w*u + 78. Is a a composite number?
True
Suppose o - 3*m - 1417 = 1792, -o = 2*m - 3199. Is o a composite number?
False
Suppose -8*w = -4*w - 93988. Is w a prime number?
True
Let j be ((-30)/(-9))/(-5)*-6*1. Suppose -3*m + 1459 = j*c, m + 3*c = -m + 972. Is m composite?
True
Let g(j) = 216*j**2 + 2*j - 1. Suppose -5*n = -6*n - 2. Let b be g(n). Suppose 0 = 3*u - 308 - b. Is u a prime number?
True
Is ((-4)/3)/(156/(-7095699)) composite?
False
Let s(y) = -303*y**3 + 2*y**2 - y - 3. Suppose -4 = -31*d + 35*d. Is s(d) a composite number?
True
Let t be (-26)/(-7) - (-4)/14. Suppose -3*w + 3*w = 5*w. Suppose 705 = f - a + 6, t*f + 2*a - 2766 = w. Is f prime?
False
Let b = -86 - -224. Let p = 255 + b. Suppose 2*t = -4*l + p + 183, t = 4*l - 564. Is l a composite number?
True
Let u = -23932 + 33531. Is u composite?
True
Is (3 - 24*-12)*(-669)/(-9) a prime number?
False
Suppose 0 = -k, 4*y = 2*y + 2*k. Let l(x) = -x**2 - x + 37. Is l(y) a prime number?
True
Suppose -303*k + 302*k = -1, 0 = -2*u + 4*k + 12142. Is u composite?
False
Let w(z) = -3*z**3 - 4*z**2 + 5*z - 11. Let j be w(-7). Suppose j = -5*d + 6*d. Is d composite?
False
Let t be -3 + (2 + -1 - 20). Let f = t + 38. Suppose -l = -95 - f. Is l prime?
False
Let n(o) be the second derivative of o**4/6 + 7*o**3/3 + 17*o**2/2 + 4*o. Is n(11) a prime number?
False
Let k(y) = y**3 + 3*y**2 - 3*y - 2. Let v be k(-3). Let f be ((-159)/5)/(4/(-20)*1). Suppose 4*q - v*q = -f. Is q a prime number?
True
Suppose 45*x - 41669 = 44*x. Is x prime?
True
Let t = -7693 - -14142. Is t prime?
True
Suppose -3*m = -4*l + 32, -3*l = 4*m + 25 - 74. Is (l/(-55))/(1/(-3715)) a composite number?
False
Suppose 3*b + 10 = 5*x, 2*x - 3*b = -4*b - 7. Let i be 82 + -6 + 1*x. Suppose -a = -i + 8. Is a a composite number?
False
Let r = 340 + -337. Is r composite?
False
Let u be 932/8 + 1/(-2). Let a(t) = -3*t**2 + 10*t - 6. Let n be a(7). Let x = u - n. Is x composite?
False
Let y(m) = 3*m**2 - 51*m + 5. Let r be y(17). Suppose -4*g = u, -4*g + 3 = 7. Suppose 0 = u*p - r*p + 209. Is p a composite number?
True
Let c(w) be the third derivative of -7*w**6/60 + w**4/24 + w**3/6 + 6*w**2. Let t be c(-2). Suppose 0*a + 449 = 4*g - 3*a, 2*a + t = g. Is g composite?
False
Let v(n) = 2*n**2 - 22*n - 7. Let y be v(11). Let x(m) = 9*m**2 + 2*m. Let l(h) = -h**3 - 19*h**2 - 5*h - 1. Let w(o) = y*x(o) - 3*l(o). Is w(7) prime?
False
Let c(q) = 30*q**2 - 7*q - 7. Let k be (2 - 3)/((-2)/12). Let w be c(k). Suppose 0 = -7*y + 5784 - w. Is y prime?
False
Let z(a) = -29*a**3 + 5*a**2 - 2*a - 1. Let k be z(-4). Let u = k - 964. Is u a prime number?
False
Suppose 2226 = 6*l - 9888. Is l composite?
True
Let t(m) = 2*m**2 + 3*m**2 - 4 - m**3 + 6*m**2 + 13 - 5*m. Let y be t(9). Is y + (-3 - (3 - 7)) composite?
False
Is (-22717)/((6/(-4))/((-15)/(-10))) composite?
False
Let g be (-3 - -2)*1 + (-8)/(-2). Suppose -3*i + d = -2*d - 3453, 4*i = -g*d + 4604. Is i prime?
True
Let i be 1 - (-5)/(10/224). Let k = 293 - 249. Let h = k + i. Is h prime?
True
Suppose -4*j - 3969 = 3*w - 4*w, -2*w + 7998 = 4*j. Is w a prime number?
True
Let l(a) = -2*a**3 - 48*a**2 - 42*a - 71. Is l(-33) a composite number?
True
Let t(v) = -v**3 - 3*v**2 + 2*v - 5. Let f be t(-4). Suppose 2*l + 4543 = 7*l - 2*s, 0 = -4*l - f*s + 3616. Is l a composite number?
False
Let m = -917 - -440. Let i = 1048 + m. Is i composite?
False
Let z = -129174 - -216461. Is z composite?
True
Let v(q) = 229*q**2 - 3*q - 3. Let d be v(-3). Suppose 0 = -5*m + 2*i + d, -2*m - i = -573 - 252. Is m a composite number?
True
Suppose 5*w = -10, 3*h + w - 34 = 6*w. Let z be (-4390)/(-8) + 2/h. Let x = z + -358. Is x a prime number?
True
Let n(m) = -m**2 - 3*m + 10. Let w be n(-5). Suppose -k + w*k = 326. Is k/(-2) + 4 + -8 composite?
True
Let j(u) = -50*u**3 + 2*u**2 - 2*u - 13. Is j(-3) a prime number?
True
Let d(t) = 3830*t**3 - t + 2. Is d(1) a prime number?
False
Suppose 87379 = 4*w - 41313. Is w a composite number?
False
Let f(b) = -211*b - 11. Let o be f(-1). Is 28962/5 + 8/(o/15) composite?
True
Is 1 + (-1836)/(1 - 4) a composite number?
False
Let t be (1 - 2)*(-10)/2. Suppose -3*u + 3*c = 0, -5*u + 13 = c + 1. Suppose 0 = 3*w + t*a - 249, -2*a = -u*w + 3*w - 83. Is w a prime number?
True
Let u = -5569 + 7875. Is u a prime number?
False
Suppose 2*s = -3*z + 1529, 0*z = -s + 2*z + 747. Is s composite?
False
Suppose -3*x + 2*x + 6 = 0. Suppose 28 = 3*w + 3*d + 7, x = 3*w - 2*d. Suppose -w*v = v - 545. Is v a composite number?
False
Is -5 - (-1273 + (-1 - 3) + 5) a composite number?
True
Let f(r) be the second derivative of -9*r**3/2 + 5*r**2 + 4*r. Let d = 17 + -28. Is f(d) a prime number?
True
Is (-12)/(-126) + (-63775)/(-21) prime?
True
Suppose 26*o = 25*o + 3. Suppose 4*i + i = -o*f + 3740, f = 5*i - 3760. Is i a composite number?
False
Let y be 905/(-7) + 2/7. Let h = 627 + y. Suppose 2*p + p = h. Is p a prime number?
False
Let s(q) = -q**2 + q + 5. Let a = 20 - 20. Let c be s(a). Suppose 274 = -c*t + 869. Is t prime?
False
Is (500 + 1)*(39 - 38) composite?
True
Let k = -6329 - -9472. Is k composite?
True
Let g(d) = -d**3 + 8*d**2 + 4*d - 5. Let l be 0/(-16) - (-4 + 0). Suppose 4*x + 4*n = 44, -2*x - l*n = x - 38. Is g(x) a prime number?
False
Let q(j) = j**2 + 5*j + 6. Let g be q(-4). Suppose -k + 5 = z - 0, -3*k + 14 = g*z. Suppose -k*n = -5*v + 339, -5*v - 2*n = 3*n - 330. Is v a prime number?
True
Let c be (-4)/(-18) - (91128/(-27))/4. Suppose -u + 4*t = 2*t - 211, 4*u - 2*t = c. Is u prime?
True
Let k = 96 + -76. Suppose 18*z - k*z = -638. Is z a composite number?
True
Let c(m) = 13*m**2 + 8. Suppose 23 = -3*g - 4. Is c(g) prime?
True
Suppose 9 - 13 = -v. Suppose 699 = -q + v*q. Is q a composite number?
False
Suppose 0*b = -3*b - 3. Let l(k) = -k**2 - k - 1. Let m be l(b). Is (2 - 3)/(m/157) a composite number?
False
Let i(r) = -2*r - 5. Let h be i(-6). Let t = h - -8. Let a(j) = j**2 - 13*j + 19. Is a(t) a composite number?
True
Let m = -44 + 47. Suppose 3*c - 1090 = -4*g + m*g, 5*c = 2*g - 2169. Is g a prime number?
True
Let z(l) be the second derivative of 2*l**4/3 + 5*l**3/6 - 3*l**2/2 - 15*l. Is z(4) a prime number?
False
Let y(i) = 2*i + 6. Let k be y(-2). Suppose -2*q - k*q - 72 = 0. Let z = q - -43. Is z prime?
False
Suppose -9*q + 11*q - 16 = 0. Suppose q*t + 1747 = 5307. Is t composite?
True
Let s(f) = f**3 + 24*f**2 + 71. Is s(-22) composite?
False
Let p be 1/(5/(-3405)*3). Let h = p - -532. Is h prime?
False
Suppose 3*i - 23448 = 23*m - 20*m, -5*m - 31261 = -4*i. Is i a composite number?
True
Let y(b) = 8 - 5 + 4*b + 14 + 2*b**2. Let z(n) = -n**2 + 4*n - 7. Let h be z(5). Is y(h) composite?
False
Suppose -9*j - 56653 + 777922 = 0. Is j a prime number?
True
Let z = -127 + 141. Let w(f) = -5 + 39*f + 5*f + 24. Is w(z) composite?
True
Is 212576/65 + (-3)/(-5) a composite number?
False
Suppose -15*n + 6245 = -146470. Is n prime?
True
Let b = 40599 + -928. Is b composite?
False
Is -1 - (24/(-8))/(12/179240) composite?
False
Let o = -153 + 103. Let i = 195 + o. Is i a prime number?
False
Let z(l) = -22*l**3 - 6*l**2. Let g be z(-4). Let c = g + -559. Suppos